me factors of 390?
2, 3, 5, 13
List the prime factors of 36451.
36451
What are the prime factors of 16179?
3, 5393
What are the prime factors of 4078?
2, 2039
List the prime factors of 663.
3, 13, 17
List the prime factors of 3542.
2, 7, 11, 23
List the prime factors of 1549.
1549
What are the prime factors of 69?
3, 23
List the prime factors of 37272.
2, 3, 1553
List the prime factors of 5207.
41, 127
What are the prime factors of 1120?
2, 5, 7
What are the prime factors of 21369?
3, 17, 419
List the prime factors of 759.
3, 11, 23
List the prime factors of 1147.
31, 37
What are the prime factors of 20891?
13, 1607
What are the prime factors of 39982?
2, 19991
List the prime factors of 34620.
2, 3, 5, 577
What are the prime factors of 5274?
2, 3, 293
What are the prime factors of 2294?
2, 31, 37
List the prime factors of 21502.
2, 13, 827
List the prime factors of 22803.
3, 11, 691
List the prime factors of 13846.
2, 7, 23, 43
What are the prime factors of 2057?
11, 17
What are the prime factors of 6862?
2, 47, 73
What are the prime factors of 1575?
3, 5, 7
List the prime factors of 377.
13, 29
List the prime factors of 3114.
2, 3, 173
List the prime factors of 5871.
3, 19, 103
List the prime factors of 33380.
2, 5, 1669
List the prime factors of 7479.
3, 277
What are the prime factors of 211?
211
What are the prime factors of 49004?
2, 12251
What are the prime factors of 2972?
2, 743
List the prime factors of 113635.
5, 22727
List the prime factors of 14913.
3, 1657
What are the prime factors of 56993?
56993
List the prime factors of 100985.
5, 19, 1063
What are the prime factors of 1341?
3, 149
What are the prime factors of 1714?
2, 857
List the prime factors of 40063.
40063
What are the prime factors of 1825?
5, 73
List the prime factors of 15193.
15193
List the prime factors of 3265.
5, 653
What are the prime factors of 3?
3
What are the prime factors of 397?
397
What are the prime factors of 6897?
3, 11, 19
List the prime factors of 83682.
2, 3, 4649
What are the prime factors of 6329?
6329
List the prime factors of 98924.
2, 7, 3533
List the prime factors of 20862.
2, 3, 19, 61
What are the prime factors of 6910?
2, 5, 691
What are the prime factors of 2656?
2, 83
What are the prime factors of 7798?
2, 7, 557
What are the prime factors of 1089?
3, 11
List the prime factors of 493.
17, 29
What are the prime factors of 719?
719
List the prime factors of 1214.
2, 607
List the prime factors of 14560.
2, 5, 7, 13
What are the prime factors of 90171?
3, 43, 233
What are the prime factors of 1725?
3, 5, 23
List the prime factors of 121792.
2, 11, 173
List the prime factors of 6345.
3, 5, 47
What are the prime factors of 14837?
37, 401
List the prime factors of 13363.
7, 23, 83
What are the prime factors of 333?
3, 37
List the prime factors of 3133.
13, 241
What are the prime factors of 85908?
2, 3, 7159
List the prime factors of 8223.
3, 2741
List the prime factors of 392.
2, 7
List the prime factors of 1249.
1249
List the prime factors of 102241.
102241
List the prime factors of 66723.
3, 23, 967
List the prime factors of 51126.
2, 3, 8521
What are the prime factors of 4781?
7, 683
What are the prime factors of 885?
3, 5, 59
List the prime factors of 347.
347
What are the prime factors of 44499?
3, 7, 13, 163
List the prime factors of 97.
97
List the prime factors of 6.
2, 3
List the prime factors of 2988.
2, 3, 83
List the prime factors of 34975.
5, 1399
List the prime factors of 2350.
2, 5, 47
List the prime factors of 5976.
2, 3, 83
List the prime factors of 65879.
11, 53, 113
List the prime factors of 4793.
4793
List the prime factors of 142725.
3, 5, 11, 173
List the prime factors of 1349.
19, 71
List the prime factors of 2204.
2, 19, 29
What are the prime factors of 217?
7, 31
List the prime factors of 2122.
2, 1061
List the prime factors of 12627.
3, 23, 61
What are the prime factors of 35173?
17, 2069
List the prime factors of 39909.
3, 53, 251
List the prime factors of 46211.
11, 4201
List the prime factors of 5396.
2, 19, 71
List the prime factors of 597.
3, 199
What are the prime factors of 6575?
5, 263
What are the prime factors of 44143?
11, 4013
List the prime factors of 58.
2, 29
List the prime factors of 1590.
2, 3, 5, 53
List the prime factors of 15769.
13, 1213
What are the prime factors of 6415?
5, 1283
List the prime factors of 20362.
2, 10181
What are the prime factors of 4764?
2, 3, 397
List the prime factors of 7069.
7069
What are the prime factors of 1162?
2, 7, 83
List the prime factors of 11764.
2, 17, 173
What are the prime factors of 30572?
2, 7643
List the prime factors of 1252.
2, 313
List the prime factors of 63843.
3, 13, 1637
What are the prime factors of 5536?
2, 173
List the prime factors of 703.
19, 37
List the prime factors of 4115.
5, 823
List the prime factors of 120182.
2, 60091
What are the prime factors of 1882?
2, 941
List the prime factors of 15360.
2, 3, 5
What are the prime factors of 1473?
3, 491
List the prime factors of 1053.
3, 13
List the prime factors of 919.
919
What are the prime factors of 20129?
20129
What are the prime factors of 1229?
1229
List the prime factors of 21307.
11, 13, 149
List the prime factors of 98691.
3, 67, 491
List the prime factors of 16577.
11, 137
List the prime factors of 83546.
2, 37, 1129
What are the prime factors of 10278?
2, 3, 571
List the prime factors of 18268.
2, 4567
What are the prime factors of 944?
2, 59
List the prime factors of 84348.
2, 3, 11, 71
What are the prime factors of 1608?
2, 3, 67
List the prime factors of 2836.
2, 709
List the prime factors of 62473.
62473
What are the prime factors of 480?
2, 3, 5
What are the prime factors of 1669?
1669
List the prime factors of 22.
2, 11
What are the prime factors of 86461?
86461
What are the prime factors of 14532?
2, 3, 7, 173
List the prime factors of 3052.
2, 7, 109
What are the prime factors of 38454?
2, 3, 13, 17, 29
List the prime factors of 18296.
2, 2287
What are the prime factors of 1496?
2, 11, 17
List the prime factors of 23216.
2, 1451
List the prime factors of 458.
2, 229
What are the prime factors of 15661?
15661
What are the prime factors of 87614?
2, 71, 617
List the prime factors of 2107.
7, 43
What are the prime factors of 3226?
2, 1613
What are the prime factors of 38?
2, 19
What are the prime factors of 30086?
2, 7, 307
List the prime factors of 2026.
2, 1013
What are the prime factors of 765?
3, 5, 17
List the prime factors of 81199.
81199
List the prime factors of 1183.
7, 13
What are the prime factors of 22643?
22643
List the prime factors of 43074.
2, 3, 2393
List the prime factors of 11227.
103, 109
List the prime factors of 30833.
11, 2803
What are the prime factors of 30522?
2, 3, 5087
List the prime factors of 67992.
2, 3, 2833
List the prime factors of 20523.
3, 6841
List the prime factors of 456.
2, 3, 19
List the prime factors of 400.
2, 5
What are the prime factors of 6505?
5, 1301
What are the prime factors of 3639?
3, 1213
List the prime factors of 17116.
2, 11, 389
List the prime factors of 172553.
172553
List the prime factors of 62.
2, 31
What are the prime factors of 1488?
2, 3, 31
What are the prime factors of 112817?
101, 1117
What are the prime factors of 9595?
5, 19, 101
What are the prime factors of 45267?
3, 79, 191
What are the prime factors of 192891?
3, 113, 569
List the prime factors of 5800.
2, 5, 29
What are the prime factors of 5032?
2, 17, 37
List the prime factors of 19383.
3, 7, 13, 71
What are the prime factors of 69703?
43, 1621
What are the prime factors of 136878?
2, 3, 7, 3259
What are the prime factors of 3233?
53, 61
List the prime factors of 37591.
37591
List the prime factors of 3727.
3727
What are the prime factors of 1738?
2, 11, 79
List the prime factors of 4190.
2, 5, 419
What are the prime factors of 202?
2, 101
List the prime factors of 63619.
113, 563
List the prime factors of 2035.
5, 11, 37
List the prime factors of 2201.
31, 71
List the prime factors of 5927.
5927
List the prime factors of 600.
2, 3, 5
List the prime factors of 582.
2, 3, 97
List the prime factors of 78621.
3, 73, 359
List the prime factors of 282.
2, 3, 47
What are the prime factors of 10493?
7, 1499
List the prime factors of 1322.
2, 661
List the prime fac